{"id":1997,"date":"2023-06-18T22:09:12","date_gmt":"2023-06-18T22:09:12","guid":{"rendered":"https:\/\/magneks.com.tr\/index.php\/wireless-charging-solutions\/"},"modified":"2023-09-07T08:40:21","modified_gmt":"2023-09-07T08:40:21","slug":"wireless-charging-solutions","status":"publish","type":"page","link":"https:\/\/magneks.com.tr\/index.php\/wireless-charging-solutions\/?lang=tr","title":{"rendered":"Kablosuz \u015earj \u00c7\u00f6z\u00fcmleri"},"content":{"rendered":"\t\t<div data-elementor-type=\"wp-page\" data-elementor-id=\"1997\" class=\"elementor elementor-1997\">\n\t\t\t\t\t\t<section data-particle_enable=\"false\" data-particle-mobile-disabled=\"false\" class=\"elementor-section elementor-top-section elementor-element elementor-element-cec655f elementor-section-full_width elementor-section-height-default elementor-section-height-default\" data-id=\"cec655f\" data-element_type=\"section\" data-e-type=\"section\" data-settings=\"{&quot;background_background&quot;:&quot;classic&quot;}\">\n\t\t\t\t\t\t\t<div class=\"elementor-background-overlay\"><\/div>\n\t\t\t\t\t\t\t<div class=\"elementor-container elementor-column-gap-default\">\n\t\t\t\t\t<div class=\"elementor-column elementor-col-100 elementor-top-column elementor-element elementor-element-3cc6538\" data-id=\"3cc6538\" data-element_type=\"column\" data-e-type=\"column\">\n\t\t\t<div class=\"elementor-widget-wrap elementor-element-populated\">\n\t\t\t\t\t\t<div class=\"elementor-element elementor-element-b041a35 elementor-widget__width-inherit elementor-widget elementor-widget-image\" data-id=\"b041a35\" data-element_type=\"widget\" data-e-type=\"widget\" data-widget_type=\"image.default\">\n\t\t\t\t<div class=\"elementor-widget-container\">\n\t\t\t\t\t\t\t\t\t\t\t\t\t\t\t<img fetchpriority=\"high\" decoding=\"async\" width=\"2560\" height=\"1482\" src=\"https:\/\/magneks.com.tr\/wp-content\/uploads\/2023\/08\/Products-Top-Picture-scaled.jpg\" class=\"attachment-full size-full wp-image-1746\" alt=\"\" srcset=\"https:\/\/magneks.com.tr\/wp-content\/uploads\/2023\/08\/Products-Top-Picture-scaled.jpg 2560w, https:\/\/magneks.com.tr\/wp-content\/uploads\/2023\/08\/Products-Top-Picture-300x174.jpg 300w, https:\/\/magneks.com.tr\/wp-content\/uploads\/2023\/08\/Products-Top-Picture-1024x593.jpg 1024w, https:\/\/magneks.com.tr\/wp-content\/uploads\/2023\/08\/Products-Top-Picture-768x445.jpg 768w, https:\/\/magneks.com.tr\/wp-content\/uploads\/2023\/08\/Products-Top-Picture-1536x889.jpg 1536w, https:\/\/magneks.com.tr\/wp-content\/uploads\/2023\/08\/Products-Top-Picture-2048x1186.jpg 2048w\" sizes=\"(max-width: 2560px) 100vw, 2560px\" \/>\t\t\t\t\t\t\t\t\t\t\t\t\t\t\t<\/div>\n\t\t\t\t<\/div>\n\t\t\t\t\t<\/div>\n\t\t<\/div>\n\t\t\t\t\t<\/div>\n\t\t<\/section>\n\t\t\t\t<section data-particle_enable=\"false\" data-particle-mobile-disabled=\"false\" class=\"elementor-section elementor-top-section elementor-element elementor-element-fd41bb3 elementor-section-boxed elementor-section-height-default elementor-section-height-default\" data-id=\"fd41bb3\" data-element_type=\"section\" data-e-type=\"section\">\n\t\t\t\t\t\t<div class=\"elementor-container elementor-column-gap-default\">\n\t\t\t\t\t<div class=\"elementor-column elementor-col-100 elementor-top-column elementor-element elementor-element-6bf0161\" data-id=\"6bf0161\" data-element_type=\"column\" data-e-type=\"column\">\n\t\t\t<div class=\"elementor-widget-wrap elementor-element-populated\">\n\t\t\t\t\t\t<div class=\"elementor-element elementor-element-78d5f6e elementor-widget elementor-widget-heading\" data-id=\"78d5f6e\" data-element_type=\"widget\" data-e-type=\"widget\" data-widget_type=\"heading.default\">\n\t\t\t\t<div class=\"elementor-widget-container\">\n\t\t\t\t\t<h2 class=\"elementor-heading-title elementor-size-default\">Otonom Kablosuz \u015earj \u00c7\u00f6z\u00fcmleri<\/h2>\t\t\t\t<\/div>\n\t\t\t\t<\/div>\n\t\t\t\t<div class=\"elementor-element elementor-element-e45f980 elementor-invisible elementor-widget elementor-widget-text-editor\" data-id=\"e45f980\" data-element_type=\"widget\" data-e-type=\"widget\" data-settings=\"{&quot;_animation&quot;:&quot;zoomIn&quot;}\" data-widget_type=\"text-editor.default\">\n\t\t\t\t<div class=\"elementor-widget-container\">\n\t\t\t\t\t\t\t\t\t<p><strong>MAGNEKS<\/strong> otonom kablosuz \u015farj \u00e7\u00f6z\u00fcm\u00fc esnek, kolay ve ak\u0131ll\u0131 bir kablosuz \u015farj deneyimi sunar.<br \/>Benimsenen <strong>MAGNEKS<\/strong> teknolojisi, yolcu elektrikli ara\u00e7lar &#8211; BEV, hibrit elektrikli ara\u00e7lar &#8211; HEV, mikro-mobilite ve son kilometre teslimat ara\u00e7lar\u0131na kurulabilir veya sonradan eklenabilir.<\/p>\t\t\t\t\t\t\t\t<\/div>\n\t\t\t\t<\/div>\n\t\t\t\t\t<\/div>\n\t\t<\/div>\n\t\t\t\t\t<\/div>\n\t\t<\/section>\n\t\t\t\t<section data-particle_enable=\"false\" data-particle-mobile-disabled=\"false\" class=\"elementor-section elementor-top-section elementor-element elementor-element-b563d96 elementor-section-boxed elementor-section-height-default elementor-section-height-default\" data-id=\"b563d96\" data-element_type=\"section\" data-e-type=\"section\">\n\t\t\t\t\t\t<div class=\"elementor-container elementor-column-gap-default\">\n\t\t\t\t\t<div class=\"elementor-column elementor-col-50 elementor-top-column elementor-element elementor-element-83976ba\" data-id=\"83976ba\" data-element_type=\"column\" data-e-type=\"column\">\n\t\t\t<div class=\"elementor-widget-wrap elementor-element-populated\">\n\t\t\t\t\t\t<div class=\"elementor-element elementor-element-ed6c280 elementor-widget__width-initial elementor-invisible elementor-widget elementor-widget-image\" data-id=\"ed6c280\" data-element_type=\"widget\" data-e-type=\"widget\" data-settings=\"{&quot;_animation&quot;:&quot;bounceInLeft&quot;}\" data-widget_type=\"image.default\">\n\t\t\t\t<div class=\"elementor-widget-container\">\n\t\t\t\t\t\t\t\t\t\t\t\t\t\t\t<img decoding=\"async\" width=\"537\" height=\"713\" src=\"https:\/\/magneks.com.tr\/wp-content\/uploads\/2023\/08\/Wireless-Charging-Solutions-Power-Box-e1692545828348.png\" class=\"attachment-full size-full wp-image-1169\" alt=\"\" srcset=\"https:\/\/magneks.com.tr\/wp-content\/uploads\/2023\/08\/Wireless-Charging-Solutions-Power-Box-e1692545828348.png 537w, https:\/\/magneks.com.tr\/wp-content\/uploads\/2023\/08\/Wireless-Charging-Solutions-Power-Box-e1692545828348-226x300.png 226w\" sizes=\"(max-width: 537px) 100vw, 537px\" \/>\t\t\t\t\t\t\t\t\t\t\t\t\t\t\t<\/div>\n\t\t\t\t<\/div>\n\t\t\t\t\t<\/div>\n\t\t<\/div>\n\t\t\t\t<div class=\"elementor-column elementor-col-50 elementor-top-column elementor-element elementor-element-05cb3be\" data-id=\"05cb3be\" data-element_type=\"column\" data-e-type=\"column\">\n\t\t\t<div class=\"elementor-widget-wrap elementor-element-populated\">\n\t\t\t\t\t\t<div class=\"elementor-element elementor-element-614ec87 elementor-widget elementor-widget-heading\" data-id=\"614ec87\" data-element_type=\"widget\" data-e-type=\"widget\" data-widget_type=\"heading.default\">\n\t\t\t\t<div class=\"elementor-widget-container\">\n\t\t\t\t\t<h2 class=\"elementor-heading-title elementor-size-default\">G\u00fc\u00e7 Kutusu<\/h2>\t\t\t\t<\/div>\n\t\t\t\t<\/div>\n\t\t\t\t<div class=\"elementor-element elementor-element-572ac0d elementor-widget elementor-widget-text-editor\" data-id=\"572ac0d\" data-element_type=\"widget\" data-e-type=\"widget\" data-widget_type=\"text-editor.default\">\n\t\t\t\t<div class=\"elementor-widget-container\">\n\t\t\t\t\t\t\t\t\t<p>G\u00fc\u00e7 kutusu, \u015febeke g\u00fcc\u00fcn\u00fc y\u00fcksek frekansta verici \u015farj pedini \u00e7al\u0131\u015ft\u0131rmak i\u00e7in d\u00f6n\u00fc\u015ft\u00fcren t\u00fcm g\u00fc\u00e7 elektroni\u011fini i\u00e7erir.<\/p><p><span style=\"font-style: inherit; font-weight: inherit; background-color: var(--ast-global-color-4); color: var(--ast-global-color-3);\">Bu kutu, kablosuz \u015farj i\u015flevselli\u011fiyle tasarlanm\u0131\u015f olup, ev, i\u015fyeri, umumi alanlar ve zorlu ortamlar i\u00e7in bir\u00e7ok uygulama sunar. Tasarlanan g\u00fc\u00e7 kutusu, AC veya DC kayna\u011f\u0131yla beslenebilir ve ak\u0131ll\u0131 ba\u011flant\u0131 sistemleri olan LTE, Wi-Fi, GPS ve Ethernet se\u00e7enekleriyle donat\u0131lm\u0131\u015ft\u0131r. Ayr\u0131ca, hassas \u00f6l\u00e7\u00fcmler ve \u015farj parametreleri toplama i\u00e7in ak\u0131ll\u0131 bir enerji sayac\u0131 da bulunmaktad\u0131r.<\/span><\/p>\t\t\t\t\t\t\t\t<\/div>\n\t\t\t\t<\/div>\n\t\t\t\t\t<\/div>\n\t\t<\/div>\n\t\t\t\t\t<\/div>\n\t\t<\/section>\n\t\t\t\t<section data-particle_enable=\"false\" data-particle-mobile-disabled=\"false\" class=\"elementor-section elementor-top-section elementor-element elementor-element-ff5791a elementor-section-boxed elementor-section-height-default elementor-section-height-default\" data-id=\"ff5791a\" data-element_type=\"section\" data-e-type=\"section\">\n\t\t\t\t\t\t<div class=\"elementor-container elementor-column-gap-default\">\n\t\t\t\t\t<div class=\"elementor-column elementor-col-50 elementor-top-column elementor-element elementor-element-ea11a88\" data-id=\"ea11a88\" data-element_type=\"column\" data-e-type=\"column\">\n\t\t\t<div class=\"elementor-widget-wrap elementor-element-populated\">\n\t\t\t\t\t\t<div class=\"elementor-element elementor-element-9cabd6b elementor-widget elementor-widget-heading\" data-id=\"9cabd6b\" data-element_type=\"widget\" data-e-type=\"widget\" data-widget_type=\"heading.default\">\n\t\t\t\t<div class=\"elementor-widget-container\">\n\t\t\t\t\t<h2 class=\"elementor-heading-title elementor-size-default\">Magneks, G\u00fcn\u00fcm\u00fcz ve Gelecek \u0130\u00e7in Bir \u00c7\u00f6z\u00fcmd\u00fcr<\/h2>\t\t\t\t<\/div>\n\t\t\t\t<\/div>\n\t\t\t\t<div class=\"elementor-element elementor-element-339a834 elementor-widget elementor-widget-text-editor\" data-id=\"339a834\" data-element_type=\"widget\" data-e-type=\"widget\" data-widget_type=\"text-editor.default\">\n\t\t\t\t<div class=\"elementor-widget-container\">\n\t\t\t\t\t\t\t\t\t<p>Tasarlad\u0131\u011f\u0131m\u0131z manyetik rezonans sistemi, zorlu ko\u015fullar alt\u0131nda y\u00fcksek verimli g\u00fc\u00e7 transferine imkan tan\u0131r.<\/p><p><span style=\"font-style: inherit; font-weight: inherit; background-color: var(--ast-global-color-4); color: var(--ast-global-color-3);\">Geli\u015fmi\u015f yabanc\u0131 cisim tespiti (F.O.D) ve canl\u0131 varl\u0131k korumas\u0131 (L.O.P) ile ak\u0131ll\u0131 bir \u015farj deneyimi sa\u011fl\u0131yoruz. Bu sistem, verici ve al\u0131c\u0131 pedler aras\u0131ndaki \u015farj alan\u0131nda metal, insan veya hayvan varl\u0131\u011f\u0131nda \u015farj oturumunu durdurarak g\u00fcvenlik sa\u011flar.<\/span><\/p><p><span style=\"font-style: inherit; font-weight: inherit; background-color: var(--ast-global-color-4); color: var(--ast-global-color-3);\">Sistemin esnekli\u011fi, farkl\u0131 yerden y\u00fcksekli\u011fe sahip farkl\u0131 ara\u00e7lar\u0131 tek bir tasar\u0131m ile \u015farj etme imkan\u0131n\u0131 sunar. Bu, mikro-mobilite ara\u00e7lar\u0131ndan d\u00fc\u015f\u00fck yerden y\u00fcksekli\u011fe sahip sedan ara\u00e7lara ve b\u00fcy\u00fck yerden y\u00fcksekli\u011fe sahip SUV&#8217;ler ve kamyonlara kadar farkl\u0131 ara\u00e7 t\u00fcrlerini destekler.<\/span><\/p>\t\t\t\t\t\t\t\t<\/div>\n\t\t\t\t<\/div>\n\t\t\t\t\t<\/div>\n\t\t<\/div>\n\t\t\t\t<div class=\"elementor-column elementor-col-50 elementor-top-column elementor-element elementor-element-d156265\" data-id=\"d156265\" data-element_type=\"column\" data-e-type=\"column\">\n\t\t\t<div class=\"elementor-widget-wrap elementor-element-populated\">\n\t\t\t\t\t\t<div class=\"elementor-element elementor-element-0908050 elementor-invisible elementor-widget elementor-widget-image\" data-id=\"0908050\" data-element_type=\"widget\" data-e-type=\"widget\" data-settings=\"{&quot;_animation&quot;:&quot;shake&quot;}\" data-widget_type=\"image.default\">\n\t\t\t\t<div class=\"elementor-widget-container\">\n\t\t\t\t\t\t\t\t\t\t\t\t\t\t\t<img decoding=\"async\" width=\"1024\" height=\"576\" src=\"https:\/\/magneks.com.tr\/wp-content\/uploads\/2023\/08\/Products-Magneks-is-a-present-and-future-solution-1024x576.jpg\" class=\"attachment-large size-large wp-image-1775\" alt=\"\" srcset=\"https:\/\/magneks.com.tr\/wp-content\/uploads\/2023\/08\/Products-Magneks-is-a-present-and-future-solution-1024x576.jpg 1024w, https:\/\/magneks.com.tr\/wp-content\/uploads\/2023\/08\/Products-Magneks-is-a-present-and-future-solution-300x169.jpg 300w, https:\/\/magneks.com.tr\/wp-content\/uploads\/2023\/08\/Products-Magneks-is-a-present-and-future-solution-768x432.jpg 768w, https:\/\/magneks.com.tr\/wp-content\/uploads\/2023\/08\/Products-Magneks-is-a-present-and-future-solution-1536x864.jpg 1536w, https:\/\/magneks.com.tr\/wp-content\/uploads\/2023\/08\/Products-Magneks-is-a-present-and-future-solution-2048x1152.jpg 2048w\" sizes=\"(max-width: 1024px) 100vw, 1024px\" \/>\t\t\t\t\t\t\t\t\t\t\t\t\t\t\t<\/div>\n\t\t\t\t<\/div>\n\t\t\t\t\t<\/div>\n\t\t<\/div>\n\t\t\t\t\t<\/div>\n\t\t<\/section>\n\t\t\t\t<section data-particle_enable=\"false\" data-particle-mobile-disabled=\"false\" class=\"elementor-section elementor-top-section elementor-element elementor-element-fd383c9 elementor-section-boxed elementor-section-height-default elementor-section-height-default\" data-id=\"fd383c9\" data-element_type=\"section\" data-e-type=\"section\">\n\t\t\t\t\t\t<div class=\"elementor-container elementor-column-gap-default\">\n\t\t\t\t\t<div class=\"elementor-column elementor-col-50 elementor-top-column elementor-element elementor-element-a5e2acd\" data-id=\"a5e2acd\" data-element_type=\"column\" data-e-type=\"column\">\n\t\t\t<div class=\"elementor-widget-wrap elementor-element-populated\">\n\t\t\t\t\t\t<div class=\"elementor-element elementor-element-4fc2e9f elementor-invisible elementor-widget elementor-widget-image\" data-id=\"4fc2e9f\" data-element_type=\"widget\" data-e-type=\"widget\" data-settings=\"{&quot;_animation&quot;:&quot;slideInLeft&quot;}\" data-widget_type=\"image.default\">\n\t\t\t\t<div class=\"elementor-widget-container\">\n\t\t\t\t\t\t\t\t\t\t\t\t\t\t\t<img loading=\"lazy\" decoding=\"async\" width=\"520\" height=\"598\" src=\"https:\/\/magneks.com.tr\/wp-content\/uploads\/2023\/08\/Wireless-Charging-Solutions-Transmitter-Charging-Pad-copy.png\" class=\"attachment-full size-full wp-image-1183\" alt=\"\" srcset=\"https:\/\/magneks.com.tr\/wp-content\/uploads\/2023\/08\/Wireless-Charging-Solutions-Transmitter-Charging-Pad-copy.png 520w, https:\/\/magneks.com.tr\/wp-content\/uploads\/2023\/08\/Wireless-Charging-Solutions-Transmitter-Charging-Pad-copy-261x300.png 261w\" sizes=\"(max-width: 520px) 100vw, 520px\" \/>\t\t\t\t\t\t\t\t\t\t\t\t\t\t\t<\/div>\n\t\t\t\t<\/div>\n\t\t\t\t\t<\/div>\n\t\t<\/div>\n\t\t\t\t<div class=\"elementor-column elementor-col-50 elementor-top-column elementor-element elementor-element-9fd2a9e\" data-id=\"9fd2a9e\" data-element_type=\"column\" data-e-type=\"column\">\n\t\t\t<div class=\"elementor-widget-wrap elementor-element-populated\">\n\t\t\t\t\t\t<div class=\"elementor-element elementor-element-c992450 elementor-widget elementor-widget-heading\" data-id=\"c992450\" data-element_type=\"widget\" data-e-type=\"widget\" data-widget_type=\"heading.default\">\n\t\t\t\t<div class=\"elementor-widget-container\">\n\t\t\t\t\t<h2 class=\"elementor-heading-title elementor-size-default\">Verici \u015earj Ped\u0131<\/h2>\t\t\t\t<\/div>\n\t\t\t\t<\/div>\n\t\t\t\t<div class=\"elementor-element elementor-element-8d96fc2 elementor-widget elementor-widget-text-editor\" data-id=\"8d96fc2\" data-element_type=\"widget\" data-e-type=\"widget\" data-widget_type=\"text-editor.default\">\n\t\t\t\t<div class=\"elementor-widget-container\">\n\t\t\t\t\t\t\t\t\t<p>Her yerde ve her ko\u015ful alt\u0131nda kurulmaya uygun olarak tasarlanm\u0131\u015ft\u0131r.<\/p><p><span style=\"font-style: inherit; font-weight: inherit; background-color: rgba(255, 255, 255, 0); color: var(--ast-global-color-3);\">D\u00fcz veya yer seviyesine monte edilmek \u00fczere tasarlanm\u0131\u015f olan verici \u015farj pedi, park hizalamas\u0131 teknolojisi ile donat\u0131lm\u0131\u015ft\u0131r.<\/span><\/p><p><span style=\"font-style: inherit; font-weight: inherit; background-color: rgba(255, 255, 255, 0); color: var(--ast-global-color-3);\">Verici pedin muhafaza malzemesi etkili darbe dayan\u0131kl\u0131l\u0131\u011f\u0131 (ara\u00e7 a\u011f\u0131rl\u0131\u011f\u0131ndan daha fazla), su-toz ge\u00e7irmezlik sa\u011flar ve herhangi bir zorlu ortamda kurulabilir.<\/span><\/p>\t\t\t\t\t\t\t\t<\/div>\n\t\t\t\t<\/div>\n\t\t\t\t\t<\/div>\n\t\t<\/div>\n\t\t\t\t\t<\/div>\n\t\t<\/section>\n\t\t\t\t<section data-particle_enable=\"false\" data-particle-mobile-disabled=\"false\" class=\"elementor-section elementor-top-section elementor-element elementor-element-cf9fb07 elementor-section-boxed elementor-section-height-default elementor-section-height-default\" data-id=\"cf9fb07\" data-element_type=\"section\" data-e-type=\"section\">\n\t\t\t\t\t\t<div class=\"elementor-container elementor-column-gap-default\">\n\t\t\t\t\t<div class=\"elementor-column elementor-col-50 elementor-top-column elementor-element elementor-element-675551d\" data-id=\"675551d\" data-element_type=\"column\" data-e-type=\"column\">\n\t\t\t<div class=\"elementor-widget-wrap elementor-element-populated\">\n\t\t\t\t\t\t<div class=\"elementor-element elementor-element-6ef024d elementor-widget elementor-widget-heading\" data-id=\"6ef024d\" data-element_type=\"widget\" data-e-type=\"widget\" data-widget_type=\"heading.default\">\n\t\t\t\t<div class=\"elementor-widget-container\">\n\t\t\t\t\t<h2 class=\"elementor-heading-title elementor-size-default\">Al\u0131c\u0131 Ara\u00e7 Ped\u0131<\/h2>\t\t\t\t<\/div>\n\t\t\t\t<\/div>\n\t\t\t\t<div class=\"elementor-element elementor-element-423ae78 elementor-widget elementor-widget-text-editor\" data-id=\"423ae78\" data-element_type=\"widget\" data-e-type=\"widget\" data-widget_type=\"text-editor.default\">\n\t\t\t\t<div class=\"elementor-widget-container\">\n\t\t\t\t\t\t\t\t\t<p>Kolayca sonradan eklenip elektrikli ara\u00e7, mikro-mobilite ve son kilometre teslimat ara\u00e7lar\u0131n\u0131n her t\u00fcr\u00fcne uygun olarak kurulabilir. Dahili koruma ile elektromanyetik yay\u0131nlar\u0131 engellemek \u00fczere tasarlanm\u0131\u015ft\u0131r.<\/p><p><span style=\"font-style: inherit; font-weight: inherit; background-color: rgba(255, 255, 255, 0); color: var(--ast-global-color-3);\">Hafif tasar\u0131m\u0131 sayesinde herhangi bir ara\u00e7 i\u00e7in uygundur. Ara\u00e7 \u00fczerinde h\u0131zl\u0131 montaj sa\u011flar.<\/span><\/p>\t\t\t\t\t\t\t\t<\/div>\n\t\t\t\t<\/div>\n\t\t\t\t\t<\/div>\n\t\t<\/div>\n\t\t\t\t<div class=\"elementor-column elementor-col-50 elementor-top-column elementor-element elementor-element-bd34c3d\" data-id=\"bd34c3d\" data-element_type=\"column\" data-e-type=\"column\">\n\t\t\t<div class=\"elementor-widget-wrap elementor-element-populated\">\n\t\t\t\t\t\t<div class=\"elementor-element elementor-element-388bb02 elementor-invisible elementor-widget elementor-widget-image\" data-id=\"388bb02\" data-element_type=\"widget\" data-e-type=\"widget\" data-settings=\"{&quot;_animation&quot;:&quot;slideInRight&quot;}\" data-widget_type=\"image.default\">\n\t\t\t\t<div class=\"elementor-widget-container\">\n\t\t\t\t\t\t\t\t\t\t\t\t\t\t\t<img loading=\"lazy\" decoding=\"async\" width=\"600\" height=\"593\" src=\"https:\/\/magneks.com.tr\/wp-content\/uploads\/2023\/08\/admin-ajax-copy.png\" class=\"attachment-full size-full wp-image-1637\" alt=\"\" srcset=\"https:\/\/magneks.com.tr\/wp-content\/uploads\/2023\/08\/admin-ajax-copy.png 600w, https:\/\/magneks.com.tr\/wp-content\/uploads\/2023\/08\/admin-ajax-copy-300x297.png 300w\" sizes=\"(max-width: 600px) 100vw, 600px\" \/>\t\t\t\t\t\t\t\t\t\t\t\t\t\t\t<\/div>\n\t\t\t\t<\/div>\n\t\t\t\t\t<\/div>\n\t\t<\/div>\n\t\t\t\t\t<\/div>\n\t\t<\/section>\n\t\t\t\t<\/div>\n\t\t","protected":false},"excerpt":{"rendered":"<p>Otonom Kablosuz \u015earj \u00c7\u00f6z\u00fcmleri MAGNEKS otonom kablosuz \u015farj \u00e7\u00f6z\u00fcm\u00fc esnek, kolay ve ak\u0131ll\u0131 bir kablosuz \u015farj deneyimi sunar.Benimsenen MAGNEKS teknolojisi, yolcu elektrikli ara\u00e7lar &#8211; BEV, hibrit elektrikli ara\u00e7lar &#8211; HEV, mikro-mobilite ve son kilometre teslimat ara\u00e7lar\u0131na kurulabilir veya sonradan eklenabilir. G\u00fc\u00e7 Kutusu G\u00fc\u00e7 kutusu, \u015febeke g\u00fcc\u00fcn\u00fc y\u00fcksek frekansta verici \u015farj pedini \u00e7al\u0131\u015ft\u0131rmak i\u00e7in d\u00f6n\u00fc\u015ft\u00fcren t\u00fcm [&hellip;]<\/p>\n","protected":false},"author":1,"featured_media":0,"parent":0,"menu_order":0,"comment_status":"closed","ping_status":"closed","template":"elementor_theme","meta":{"site-sidebar-layout":"no-sidebar","site-content-layout":"page-builder","ast-site-content-layout":"default","site-content-style":"default","site-sidebar-style":"default","ast-global-header-display":"","ast-banner-title-visibility":"","ast-main-header-display":"","ast-hfb-above-header-display":"","ast-hfb-below-header-display":"","ast-hfb-mobile-header-display":"","site-post-title":"disabled","ast-breadcrumbs-content":"","ast-featured-img":"disabled","footer-sml-layout":"","ast-disable-related-posts":"","theme-transparent-header-meta":"default","adv-header-id-meta":"","stick-header-meta":"","header-above-stick-meta":"","header-main-stick-meta":"","header-below-stick-meta":"","astra-migrate-meta-layouts":"default","ast-page-background-enabled":"default","ast-page-background-meta":{"desktop":{"background-color":"var(--ast-global-color-4)","background-image":"","background-repeat":"repeat","background-position":"center center","background-size":"auto","background-attachment":"scroll","background-type":"","background-media":"","overlay-type":"","overlay-color":"","overlay-opacity":"","overlay-gradient":""},"tablet":{"background-color":"","background-image":"","background-repeat":"repeat","background-position":"center center","background-size":"auto","background-attachment":"scroll","background-type":"","background-media":"","overlay-type":"","overlay-color":"","overlay-opacity":"","overlay-gradient":""},"mobile":{"background-color":"","background-image":"","background-repeat":"repeat","background-position":"center center","background-size":"auto","background-attachment":"scroll","background-type":"","background-media":"","overlay-type":"","overlay-color":"","overlay-opacity":"","overlay-gradient":""}},"ast-content-background-meta":{"desktop":{"background-color":"var(--ast-global-color-5)","background-image":"","background-repeat":"repeat","background-position":"center center","background-size":"auto","background-attachment":"scroll","background-type":"","background-media":"","overlay-type":"","overlay-color":"","overlay-opacity":"","overlay-gradient":""},"tablet":{"background-color":"var(--ast-global-color-5)","background-image":"","background-repeat":"repeat","background-position":"center center","background-size":"auto","background-attachment":"scroll","background-type":"","background-media":"","overlay-type":"","overlay-color":"","overlay-opacity":"","overlay-gradient":""},"mobile":{"background-color":"var(--ast-global-color-5)","background-image":"","background-repeat":"repeat","background-position":"center center","background-size":"auto","background-attachment":"scroll","background-type":"","background-media":"","overlay-type":"","overlay-color":"","overlay-opacity":"","overlay-gradient":""}},"footnotes":""},"class_list":["post-1997","page","type-page","status-publish","hentry"],"_links":{"self":[{"href":"https:\/\/magneks.com.tr\/index.php\/wp-json\/wp\/v2\/pages\/1997","targetHints":{"allow":["GET"]}}],"collection":[{"href":"https:\/\/magneks.com.tr\/index.php\/wp-json\/wp\/v2\/pages"}],"about":[{"href":"https:\/\/magneks.com.tr\/index.php\/wp-json\/wp\/v2\/types\/page"}],"author":[{"embeddable":true,"href":"https:\/\/magneks.com.tr\/index.php\/wp-json\/wp\/v2\/users\/1"}],"replies":[{"embeddable":true,"href":"https:\/\/magneks.com.tr\/index.php\/wp-json\/wp\/v2\/comments?post=1997"}],"version-history":[{"count":14,"href":"https:\/\/magneks.com.tr\/index.php\/wp-json\/wp\/v2\/pages\/1997\/revisions"}],"predecessor-version":[{"id":2196,"href":"https:\/\/magneks.com.tr\/index.php\/wp-json\/wp\/v2\/pages\/1997\/revisions\/2196"}],"wp:attachment":[{"href":"https:\/\/magneks.com.tr\/index.php\/wp-json\/wp\/v2\/media?parent=1997"}],"curies":[{"name":"wp","href":"https:\/\/api.w.org\/{rel}","templated":true}]}}